ded by (6/18)/(1/18).
3
Let r(t) = -2*t**3 + 51*t**2 + 147*t + 61. What is the remainder when r(28) is divided by 155?
102
Suppose 8*u - 154 = 974. Suppose u + 178 = -11*t. What is the remainder when 132 is divided by t*(-4 - -3) + -2?
24
Let w(s) = 3*s**2 + 15*s + 41. What is the remainder when w(14) is divided by (-2)/9 + -5*(-411)/135?
14
Let c = -26522 + 26563. What is the remainder when 2758 is divided by c?
11
Let r(p) = 21*p + 96. Let d be r(-35). Let o = d + 675. What is the remainder when 105 is divided by o?
33
What is the remainder when 1310/7 - (-35)/(-245) is divided by 161?
26
Let w(q) = q**2 - 64*q - 210. What is the remainder when w(-7) is divided by -22*(6/(-2) + (-6)/(-4))?
23
Suppose 198 = 2*o + 2*n, -9*o + 503 = -4*o + 3*n. Calculate the remainder when o is divided by 24.
7
Suppose -6*g - 40 = -14*g. Let l(n) = n**3 - 2*n**2 - 3*n - 2. Let q be l(-2). Calculate the remainder when ((-14)/(-6))/(((-8)/2)/q) is divided by g.
2
Let q(h) = -h**3 + 2*h - 106. What is the remainder when 1777 is divided by q(-7)?
216
Let t be (-1054)/6 + (-24)/(-36). Calculate the remainder when 51 is divided by (3/(-2))/(-3) - t/14.
12
Let o = -1982 - -2005. What is the remainder when 371 is divided by o?
3
Calculate the remainder when 595 is divided by ((-7)/(-42)*-10 - 0)*-57.
25
Suppose 584 - 34 = 3*t + 2*c, 3*t - 545 = -c. What is the remainder when (3/10)/(t/9750)*4 is divided by 34?
31
Suppose -30*w - 387 = -39*w. Calculate the remainder when (-3)/(-2)*664/6 is divided by w - (-6)/(18/(-3)).
40
Calculate the remainder when 173/(-2)*14*(-726 - -725) is divided by 398.
17
Suppose 0 = 7*u - 9 - 75. Suppose -4*l = -3*c - u, l + 3*c - 8*c = -14. What is the remainder when 26 is divided by l?
2
Suppose 5*l + 50*q - 47*q = 300, -5*l - 2*q = -295. What is the remainder when 1116 is divided by l?
33
Suppose -6*c = -c + 4335. Let l be 2 - (-39)/(-18) - c/18. Suppose 4*i - 59 = 5*m, -3*i + 5*m + 0*m + l = 0. What is the remainder when i is divided by 7?
4
Let d(l) = 2*l**2 - 12*l + 5. Let c(x) = x**2 + 16*x + 7. Let y be (436/(-14))/2 + (-3)/7. Let v be c(y). Calculate the remainder when 30 is divided by d(v).
11
Suppose -2*r = 2*r + m - 830, 0 = 2*r - 4*m - 406. Suppose 0 = -s - 2, 2*k + 4*s - r = -41. What is the remainder when k is divided by 8?
7
Suppose -576 = -4*m - 6*m + 8714. Calculate the remainder when m is divided by 53.
28
Suppose -2*w + 4 = 0, 2*k + 5*w + 0*w - 140 = 0. What is the remainder when k is divided by -323*(382/(-38) - -10)?
14
Let y(u) = 8*u**2 + 306*u - 228. What is the remainder when y(-41) is divided by 223?
5
Suppose -5*u + 2*s - 127 = -0*s, 4*u + 2*s = -116. Calculate the remainder when 223 is divided by (-18)/u - 22/6 - -31.
27
Let m = -639 - -663. Suppose -3 = -3*i, -3*j = 3*i - 96 - m. What is the remainder when 128 is divided by j?
11
Suppose 0 = -2*p - d + 1776, -5*p + d = -661 - 3772. Calculate the remainder when p is divided by 9.
5
Let p(d) = 2*d**2 - 7*d - 160. What is the remainder when 201 is divided by p(-9)?
6
Let p = 11703 + -11610. What is the remainder when 1639 is divided by p?
58
Let w = -25 - -73. Suppose -5*r = -32 - w. Suppose -4*p = x - 14 - 5, -r = -x - p. Calculate the remainder when 72 is divided by x.
12
Let w = 6 - -35. Suppose -7*y + 189 = 14*y. Calculate the remainder when w is divided by y.
5
Let p be (-355)/(-50) + -2 - 4/40. Suppose -17*c = -18*c - 4*n + 22, 2*n - 74 = -p*c. Calculate the remainder when 48 is divided by c.
6
Suppose -5*m = -5*j + 8*j + 6, -3*j = -m - 12. Let l(n) = -n - 11. Let c be l(-13). Suppose -51 = -c*d - d. What is the remainder when d is divided by j?
2
Let p = -94 + 86. What is the remainder when 503/4 - p/32 is divided by 43?
40
Suppose -5*g + 15 = -3*v, 0 = 3*v - 6*v - 2*g - 15. Let w(r) = r**3 + 5*r**2 - 8*r - 2. What is the remainder when 188 is divided by w(v)?
36
Suppose 5*u + 2*n - 640 - 682 = 0, 0 = -5*u + n + 1319. What is the remainder when u is divided by 28?
12
Let a(d) = 2*d**2 + 10*d + 29. Let u be a(-4). Suppose -29 = -3*v + 5*y, 8*v - 3*y = 6*v + u. What is the remainder when 41 is divided by v?
5
Let n(s) = -3*s + 4. Let i(a) = 2*a**2 - 37*a + 6. Let x be i(18). Calculate the remainder when n(x) is divided by 3.
1
Suppose 3*d - 4*f + 1 + 15 = 0, 0 = 5*f - 20. Suppose 4*o - 4*i - 388 = d, -5*o - 4*i = -0*i - 449. What is the remainder when o is divided by 16?
13
Let u(b) be the first derivative of 2*b**3/3 - 7*b**2/2 - 121*b + 35. Let x = 234 - 131. What is the remainder when x is divided by u(-7)?
25
Let w = -175 + 737. Let z = -482 + w. What is the remainder when z is divided by 32?
16
Suppose -7*a = -4*r - 1829, -3*a - 2*r + r + 792 = 0. Suppose -70*s + 73*s - a = -b, -2*s + 2*b = -170. What is the remainder when s is divided by 6?
3
Suppose 10*t - 5*v + 1048 = 13*t, -t = 4*v - 347. Suppose t = 7*m - 90. Calculate the remainder when 123 is divided by m.
60
Let q(g) = -3*g**2 + 12*g - 1. Let w be q(2). Let t = w - 6. Suppose -5*v + 5 = -5*z, t*v = 2*z - 5*z + 37. What is the remainder when 29 is divided by z?
1
Suppose 0 = 2*a - 2, -16*a + 113 = 4*z - 19*a. Suppose -5*t + 12 = -2*k, -k + 7 = 3*t + 2. Calculate the remainder when z is divided by 18 - ((-3)/k + -1).
13
Suppose 4*q - 3*d - d = -16, -3*q + 5*d = 10. Let y be -102*(q - (-4 - 0)). Let x = y + -70. Calculate the remainder when 62 is divided by x.
30
Let v(h) = -h**3 - 10*h**2 - 11*h - 5. Let l = -19 + 22. Suppose -3*z - 12 = -l*k, -4*k - 16 - 4 = 0. Calculate the remainder when v(z) is divided by 8.
5
Suppose 4 = -2*h, -3*h - 112 - 52 = -2*k. What is the remainder when 280 is divided by k?
43
Let w be (-7 + 565)/9 + -6. What is the remainder when 169 is divided by (-472)/(-14) + 16/w?
33
Suppose h = -2*r + 111, -3*h - 141 = -4*r + 96. Suppose -r = 4*u - 405. Calculate the remainder when u is divided by ((-1)/(-6))/(62/(-415152)*-62).
15
Let x(i) = -3*i + 9. Calculate the remainder when 178 is divided by x(-56).
1
Let y = -293 + 317. Suppose 4*p = -2*a + 42, 2*p + 2*a + y = 4*p. Suppose -23 - 101 = -4*m. Calculate the remainder when m is divided by p.
9
Let s = 4988 - -4483. What is the remainder when s is divided by 37?
36
Let w = 3174 + -3033. What is the remainder when w is divided by 82?
59
Suppose -273*y - 117 = -276*y. Calculate the remainder when 2378 is divided by y.
38
Let u(w) = 3*w**2 - 52*w - 24. What is the remainder when u(27) is divided by 64?
55
Calculate the remainder when 2/4 - 413/(-2) is divided by 10/(-6)*((-484)/(-55) - -17)*-1.
35
Let b = 1298 - 644. Suppose -5*r - 5*s + b = -3*s, 4*s = 3*r - 382. Suppose -3*q + r = 4. Calculate the remainder when 81 is divided by q.
39
Suppose 2*l - 12 = -38. Let s = 3 + l. Let d(j) = -j**3 - 11*j**2 - 9*j + 18. Calculate the remainder when 46 is divided by d(s).
6
Suppose r = -2*y - 2*y + 194, 0 = -4*y + r + 198. Calculate the remainder when y is divided by 10/(-176) - (-7)/(-56) - (-2304)/88.
23
Suppose 0 = -33*x - 38*x + 4260. Calculate the remainder when 110 is divided by x.
50
Suppose 5441*m - 5447*m = -15282. Calculate the remainder when m is divided by 25.
22
Let a be (-42)/(-20) + 4/(-40). Suppose i - 88 = -5*s, -2*s - 284 = -a*i - 48. Let n(z) = 2*z**2 + 3*z + 2. What is the remainder when i is divided by n(3)?
26
Suppose 15*n + 5*n - 55632 = -41*n. What is the remainder when n is divided by 77?
65
Let j(x) = -6*x + 30. Let b be j(5). Suppose p + 5*d - 126 = b, 4*p + 3*d - 424 - 29 = 0. Let v = p + -93. What is the remainder when 68 is divided by v?
14
Let r be 219/(-2)*(-64)/(-96). Let x = r - -85. Suppose -3*h - 144 = p - 4*p, -h - 180 = -4*p. Calculate the remainder when p is divided by x.
8
Let i(p) = p**3 - 6*p**2 - 11*p + 80. Let j be i(6). Suppose j*t - 4166 = 1028. What is the remainder when t is divided by 12?
11
Let j = 5 + 16. Let a(d) = -2*d**2 - 53*d + 30. Let q be a(-27). Suppose 3*i + 23 - 126 = -p, -169 = -5*i - q*p. Calculate the remainder when i is divided by j.
14
Let v = 7619 + -5866. What is the remainder when v is divided by 583?
4
Let y = 1805 + -1718. What is the remainder when 403 is divided by y?
55
Calculate the remainder when 1342 is divided by (75 - -17 - 4) + 24.
110
What is the remainder when 361/(24/6 + -3) is divided by 46?
39
Let v(p) = -p - 3. Let m be v(-7). Suppose -m*a + 193 + 67 =